{"id":2,"date":"2018-11-01T17:39:48","date_gmt":"2018-11-01T16:39:48","guid":{"rendered":"http:\/\/localhost\/wordpress\/?page_id=2"},"modified":"2019-03-25T17:28:21","modified_gmt":"2019-03-25T16:28:21","slug":"historisches","status":"publish","type":"page","link":"https:\/\/www.adel-in.de\/wordpress\/historisches\/","title":{"rendered":"Historisches"},"content":{"rendered":"<p><b>Chronologie unserer Vereinigung des Adels in Niedersachsen<\/b><\/p>\n<p>Nach Ende des zweiten Weltkrieges 1945 mit der Vertreibung aller deutscher Einwohner aus den abgetretenen deutschen Ostgebieten sind auch Familien des historischen Adels heimatlos geworden.<\/p>\n<p>Mit der Gr\u00fcndung der Deutschen Adelsgenossenschaft (DAG) 1874 hat sich der historische Adel in Deutschland eine Plattform gegeben. Mit Ende des zweiten Weltkriegs 1945 verlor diese ihre Gesch\u00e4ftsstelle in Berlin und erhielt keine Genehmigung zur Neugr\u00fcndung in alter Form.<\/p>\n<p>Nach all den Nachkriegswirren mussten neue Wege gefunden werden um auch unter den neuen Umst\u00e4nden die Zugeh\u00f6rigkeit zum \u00a0historischen Adel zu sichern.<\/p>\n<p>Es bildeten sich sich Verb\u00e4nde auf Landesebene, so auch 1952 in Niedersachsen.<\/p>\n<p>Diese einzelnen Landesverb\u00e4nde schlossen sich 1956 zur heutigen \u201eVereinigung der Deutschen Adelsverb\u00e4nde e.V.\u201c zusammen. \u00a0Der Adelsrechtsausschuss ist geschaffen und die Fortf\u00fchrung des \u201eGotha\u201c Handbuch des Deutschen Adels wurde gesichert, das Adelsarchiv in Marburg aufgebaut. Die VdDA besteht z.Zt. aus 23 Mitgliedsverb\u00e4nden.<\/p>\n<p>Durch den besonderen Einsatz von Landgerichtsrat Graf \u00a0Werner v. Bernstoff konnte am 16. Februar 1952 \u00a0auch eine Vereinigung des Nieders\u00e4chsischen Adels \u00a0gegr\u00fcndet und die erste Satzung nach dem Krieg beschlossen werden.<\/p>\n<p>Diese Neugr\u00fcndung erfolgte als \u201eVereinigung des Nieders\u00e4chsischen Adels\u201c als selbst\u00e4ndige Vereinigung die in der Folge 1956 Mitglied \u00a0der \u201eVereinigung des Deutschen Adels\u201c wurde.<\/p>\n<p>Nach vielen Diskussionen \u00a0erhielt unsere Vereinigung 1977 ihren heutigen Namen \u201e Vereinigung des Adels in Niedersachsen\u201c. Seit dem Jahr 2007 wurde die Vereinigung zum eingetragenen Verein und erhielt das e.V. dem Namen angef\u00fcgt.<\/p>\n<p>Anl\u00e4sslich der Gr\u00fcndungs-Mitgliederversammlung 1952 wurde als erster Pr\u00e4sident \u00a0Herr Hans-Henning v. Reden &#8211; Wathlingen gew\u00e4hlt.<\/p>\n<p>Anl\u00e4sslich der Mitgliederversammlung im Oktober 1959 bat Herr v. Reden um seine Abl\u00f6sung und gew\u00e4hlt wurde als neuer Pr\u00e4sident \u00a0Freiherr Andreas Knigge-Leveste.<\/p>\n<p>Freiherr Knigge f\u00fchrte dieses Amt bis zu seinem Tode am 28.November 1977 aus.<\/p>\n<p>Auf der Mitgliederversammlung im Januar 1978 wurde der langj\u00e4hrige 1. Stellvertreter Oberlandgerichtsrat \u00a0Graf Werner v. Bernstorff als \u00a0Pr\u00e4sident gew\u00e4hlt.<\/p>\n<p>Im November 1985 legte Graf v. Bernstorff sein Amt aus Altersgr\u00fcnden nieder, gleichzeitig wurde Freiherr Hermann \u00a0v. Mengersen \u2013 Helpensen gew\u00e4hlt, der dieses Amt bis August 2001 ausf\u00fcllte und \u00a0um seine Abl\u00f6sung bat.<\/p>\n<p>Nachfolger wurde \u00a0Freiherr Friedrich v. Rechenberg, der durch \u00a0G\u00f6tz v. Hohnhorst im Jahr 2009 auf eigenen Wunsch abgel\u00f6st wurde.<\/p>\n<p>G\u00f6tz v. Hohnhorst f\u00fchrte das Pr\u00e4sidentenamt bis August 2017 aus, gleichzeitig \u00fcbernahm Herr Wolfgang v.Strotha den Vorsitz.<\/p>\n<table style=\"border-collapse: collapse; width: 100%;\" border=\"1\">\n<tbody>\n<tr>\n<td style=\"width: 22.1264%;\">Februar 1952<\/td>\n<td style=\"width: 26.954%;\">bis Oktober 1959<\/td>\n<td style=\"width: 50.9195%;\">Hans-Henning v. Reden &#8211; Wathlingen<\/td>\n<\/tr>\n<tr>\n<td style=\"width: 22.1264%;\">Oktober 1959<\/td>\n<td style=\"width: 26.954%;\">bis November 1977<\/td>\n<td style=\"width: 50.9195%;\">Frhr. Andreas Knigge &#8211; Leveste<\/td>\n<\/tr>\n<tr>\n<td style=\"width: 22.1264%;\">Januar 1978<\/td>\n<td style=\"width: 26.954%;\">bis November 1985<\/td>\n<td style=\"width: 50.9195%;\">Werner Graf v. Bernstorff &#8211; Celle<\/td>\n<\/tr>\n<tr>\n<td style=\"width: 22.1264%;\">November 1985<\/td>\n<td style=\"width: 26.954%;\">bis August 2001<\/td>\n<td style=\"width: 50.9195%;\">Frhr. Hermann v. Mengersen &#8211; Helpensen<\/td>\n<\/tr>\n<tr>\n<td style=\"width: 22.1264%;\">August 2001<\/td>\n<td style=\"width: 26.954%;\">bis April 2009<\/td>\n<td style=\"width: 50.9195%;\">Frhr. Friedrich v. Rechenberg<\/td>\n<\/tr>\n<tr>\n<td style=\"width: 22.1264%;\">April 2009<\/td>\n<td style=\"width: 26.954%;\">bis August 2017<\/td>\n<td style=\"width: 50.9195%;\">Goetz v. Hohnhorst &#8211; Hohnhorst<\/td>\n<\/tr>\n<tr>\n<td style=\"width: 22.1264%;\">August 2017<\/td>\n<td style=\"width: 26.954%;\"><\/td>\n<td style=\"width: 50.9195%;\">Wolfgang v. Strotha<\/td>\n<\/tr>\n<\/tbody>\n<\/table>\n<p>Die Vereinigung des Adels in Niedersachsen unterteilte sich in folgende Bezirksgruppen mit eigenem Vorstand: Hannover, Celle, Braunschweig, G\u00f6ttingen und L\u00fcneburg.<\/p>\n<p>Im Laufe der Jahre schlossen sich die \u00a0Bezirksgruppen L\u00fcneburg und Braunschweig der Bezirksgruppe Celle an. Die Bezirksgruppe G\u00f6ttingen vereinigte sich mit Hannover.<\/p>\n<p>Im Jahr 2014 verzichteten \u00a0die zwei verblieben Bezirksgruppen auf einen eignen Vorstand und werden durch eine\/n Beauftragte\/n vertreten<\/p>\n<p>Zusammengestellt zum 50. Jahrestag 2002 und aktualisiert durch<\/p>\n<p>Friedrich v. Rechenberg.<\/p>\n","protected":false},"excerpt":{"rendered":"<p>Chronologie unserer Vereinigung des Adels in Niedersachsen Nach Ende des zweiten Weltkrieges 1945 mit der Vertreibung aller deutscher Einwohner aus den abgetretenen deutschen Ostgebieten sind auch Familien des historischen Adels heimatlos geworden. Mit der Gr\u00fcndung der Deutschen Adelsgenossenschaft (DAG) 1874 hat sich der historische Adel in Deutschland eine Plattform gegeben. Mit Ende des zweiten Weltkriegs &hellip; <\/p>\n<p class=\"link-more\"><a href=\"https:\/\/www.adel-in.de\/wordpress\/historisches\/\" class=\"more-link\"><span class=\"screen-reader-text\">\u201eHistorisches\u201c<\/span> weiterlesen<\/a><\/p>\n","protected":false},"author":1,"featured_media":0,"parent":0,"menu_order":1,"comment_status":"closed","ping_status":"open","template":"","meta":{"ngg_post_thumbnail":0,"footnotes":""},"class_list":["post-2","page","type-page","status-publish","hentry"],"_links":{"self":[{"href":"https:\/\/www.adel-in.de\/wordpress\/wp-json\/wp\/v2\/pages\/2"}],"collection":[{"href":"https:\/\/www.adel-in.de\/wordpress\/wp-json\/wp\/v2\/pages"}],"about":[{"href":"https:\/\/www.adel-in.de\/wordpress\/wp-json\/wp\/v2\/types\/page"}],"author":[{"embeddable":true,"href":"https:\/\/www.adel-in.de\/wordpress\/wp-json\/wp\/v2\/users\/1"}],"replies":[{"embeddable":true,"href":"https:\/\/www.adel-in.de\/wordpress\/wp-json\/wp\/v2\/comments?post=2"}],"version-history":[{"count":10,"href":"https:\/\/www.adel-in.de\/wordpress\/wp-json\/wp\/v2\/pages\/2\/revisions"}],"predecessor-version":[{"id":646,"href":"https:\/\/www.adel-in.de\/wordpress\/wp-json\/wp\/v2\/pages\/2\/revisions\/646"}],"wp:attachment":[{"href":"https:\/\/www.adel-in.de\/wordpress\/wp-json\/wp\/v2\/media?parent=2"}],"curies":[{"name":"wp","href":"https:\/\/api.w.org\/{rel}","templated":true}]}}

<p><b>Chronologie unserer Vereinigung des Adels in Niedersachsen</b></p>
<p>Nach Ende des zweiten Weltkrieges 1945 mit der Vertreibung aller deutscher Einwohner aus den abgetretenen deutschen Ostgebieten sind auch Familien des historischen Adels heimatlos geworden.</p>
<p>Mit der Gründung der Deutschen Adelsgenossenschaft (DAG) 1874 hat sich der historische Adel in Deutschland eine Plattform gegeben. Mit Ende des zweiten Weltkriegs 1945 verlor diese ihre Geschäftsstelle in Berlin und erhielt keine Genehmigung zur Neugründung in alter Form.</p>
<p>Nach all den Nachkriegswirren mussten neue Wege gefunden werden um auch unter den neuen Umständen die Zugehörigkeit zum  historischen Adel zu sichern.</p>
<p>Es bildeten sich sich Verbände auf Landesebene, so auch 1952 in Niedersachsen.</p>
<p>Diese einzelnen Landesverbände schlossen sich 1956 zur heutigen „Vereinigung der Deutschen Adelsverbände e.V.“ zusammen.  Der Adelsrechtsausschuss ist geschaffen und die Fortführung des „Gotha“ Handbuch des Deutschen Adels wurde gesichert, das Adelsarchiv in Marburg aufgebaut. Die VdDA besteht z.Zt. aus 23 Mitgliedsverbänden.</p>
<p>Durch den besonderen Einsatz von Landgerichtsrat Graf  Werner v. Bernstoff konnte am 16. Februar 1952  auch eine Vereinigung des Niedersächsischen Adels  gegründet und die erste Satzung nach dem Krieg beschlossen werden.</p>
<p>Diese Neugründung erfolgte als „Vereinigung des Niedersächsischen Adels“ als selbständige Vereinigung die in der Folge 1956 Mitglied  der „Vereinigung des Deutschen Adels“ wurde.</p>
<p>Nach vielen Diskussionen  erhielt unsere Vereinigung 1977 ihren heutigen Namen „ Vereinigung des Adels in Niedersachsen“. Seit dem Jahr 2007 wurde die Vereinigung zum eingetragenen Verein und erhielt das e.V. dem Namen angefügt.</p>
<p>Anlässlich der Gründungs-Mitgliederversammlung 1952 wurde als erster Präsident  Herr Hans-Henning v. Reden &#8211; Wathlingen gewählt.</p>
<p>Anlässlich der Mitgliederversammlung im Oktober 1959 bat Herr v. Reden um seine Ablösung und gewählt wurde als neuer Präsident  Freiherr Andreas Knigge-Leveste.</p>
<p>Freiherr Knigge führte dieses Amt bis zu seinem Tode am 28.November 1977 aus.</p>
<p>Auf der Mitgliederversammlung im Januar 1978 wurde der langjährige 1. Stellvertreter Oberlandgerichtsrat  Graf Werner v. Bernstorff als  Präsident gewählt.</p>
<p>Im November 1985 legte Graf v. Bernstorff sein Amt aus Altersgründen nieder, gleichzeitig wurde Freiherr Hermann  v. Mengersen – Helpensen gewählt, der dieses Amt bis August 2001 ausfüllte und  um seine Ablösung bat.</p>
<p>Nachfolger wurde  Freiherr Friedrich v. Rechenberg, der durch  Götz v. Hohnhorst im Jahr 2009 auf eigenen Wunsch abgelöst wurde.</p>
<p>Götz v. Hohnhorst führte das Präsidentenamt bis August 2017 aus, gleichzeitig übernahm Herr Wolfgang v.Strotha den Vorsitz.</p>
<table style="border-collapse: collapse; width: 100%;" border="1">
<tbody>
<tr>
<td style="width: 22.1264%;">Februar 1952</td>
<td style="width: 26.954%;">bis Oktober 1959</td>
<td style="width: 50.9195%;">Hans-Henning v. Reden &#8211; Wathlingen</td>
</tr>
<tr>
<td style="width: 22.1264%;">Oktober 1959</td>
<td style="width: 26.954%;">bis November 1977</td>
<td style="width: 50.9195%;">Frhr. Andreas Knigge &#8211; Leveste</td>
</tr>
<tr>
<td style="width: 22.1264%;">Januar 1978</td>
<td style="width: 26.954%;">bis November 1985</td>
<td style="width: 50.9195%;">Werner Graf v. Bernstorff &#8211; Celle</td>
</tr>
<tr>
<td style="width: 22.1264%;">November 1985</td>
<td style="width: 26.954%;">bis August 2001</td>
<td style="width: 50.9195%;">Frhr. Hermann v. Mengersen &#8211; Helpensen</td>
</tr>
<tr>
<td style="width: 22.1264%;">August 2001</td>
<td style="width: 26.954%;">bis April 2009</td>
<td style="width: 50.9195%;">Frhr. Friedrich v. Rechenberg</td>
</tr>
<tr>
<td style="width: 22.1264%;">April 2009</td>
<td style="width: 26.954%;">bis August 2017</td>
<td style="width: 50.9195%;">Goetz v. Hohnhorst &#8211; Hohnhorst</td>
</tr>
<tr>
<td style="width: 22.1264%;">August 2017</td>
<td style="width: 26.954%;"></td>
<td style="width: 50.9195%;">Wolfgang v. Strotha</td>
</tr>
</tbody>
</table>
<p>Die Vereinigung des Adels in Niedersachsen unterteilte sich in folgende Bezirksgruppen mit eigenem Vorstand: Hannover, Celle, Braunschweig, Göttingen und Lüneburg.</p>
<p>Im Laufe der Jahre schlossen sich die  Bezirksgruppen Lüneburg und Braunschweig der Bezirksgruppe Celle an. Die Bezirksgruppe Göttingen vereinigte sich mit Hannover.</p>
<p>Im Jahr 2014 verzichteten  die zwei verblieben Bezirksgruppen auf einen eignen Vorstand und werden durch eine/n Beauftragte/n vertreten</p>
<p>Zusammengestellt zum 50. Jahrestag 2002 und aktualisiert durch</p>
<p>Friedrich v. Rechenberg.</p>

<p>Chronologie unserer Vereinigung des Adels in Niedersachsen Nach Ende des zweiten Weltkrieges 1945 mit der Vertreibung aller deutscher Einwohner aus den abgetretenen deutschen Ostgebieten sind auch Familien des historischen Adels heimatlos geworden. Mit der Gründung der Deutschen Adelsgenossenschaft (DAG) 1874 hat sich der historische Adel in Deutschland eine Plattform gegeben. Mit Ende des zweiten Weltkriegs &hellip; </p>
<p class="link-more"><a href="https://www.adel-in.de/wordpress/historisches/" class="more-link"><span class="screen-reader-text">„Historisches“</span> weiterlesen</a></p>
