{"id":15,"date":"2018-11-01T17:45:57","date_gmt":"2018-11-01T16:45:57","guid":{"rendered":"http:\/\/localhost\/wordpress\/?page_id=15"},"modified":"2023-03-13T17:22:17","modified_gmt":"2023-03-13T16:22:17","slug":"kontakt-2","status":"publish","type":"page","link":"https:\/\/www.adel-in.de\/wordpress\/kontakt-2\/","title":{"rendered":"Kontakt"},"content":{"rendered":"\r\n<table class=\"wp-block-table\">\r\n<tbody>\r\n<tr>\r\n<td>&nbsp;Vorsitzender:&nbsp;<\/td>\r\n<td>Wolfgang v.Strotha<br>Unter dem Holzweg 8<br>32457 Porta Westfalica<br>Tel. 0571-72238<\/td>\r\n<\/tr>\r\n<tr>\r\n<td>&nbsp;Stellv. Vorsitzende:<\/td>\r\n<td>Freifrau Marikka v. Berlepsch<br>Heidestr. 15<br>49453 Dickel<br>Tel. 05445-9866333<\/td>\r\n<\/tr>\r\n<tr>\r\n<td>&nbsp;Gesch\u00e4ftsf\u00fchrer und Schatzmeister: &nbsp;<\/td>\r\n<td>Johannes v. Wallhoffen<br>R\u00f6thekamp 3<br>31675&nbsp; B\u00fcckeburg<br>Tel. 05722-26165<\/td>\r\n<\/tr>\r\n<tr>\r\n<td>&nbsp;Jugendsprecher:&nbsp;<\/td>\r\n<td>kommissarisch: Wolfgang v. Strotha<\/td>\r\n<\/tr>\r\n<\/tbody>\r\n<\/table>\r\n\r\n<p>&nbsp;<\/p>","protected":false},"excerpt":{"rendered":"<p>&nbsp;Vorsitzender:&nbsp; Wolfgang v.StrothaUnter dem Holzweg 832457 Porta WestfalicaTel. 0571-72238 &nbsp;Stellv. Vorsitzende: Freifrau Marikka v. BerlepschHeidestr. 1549453 DickelTel. 05445-9866333 &nbsp;Gesch\u00e4ftsf\u00fchrer und Schatzmeister: &nbsp; Johannes v. WallhoffenR\u00f6thekamp 331675&nbsp; B\u00fcckeburgTel. 05722-26165 &nbsp;Jugendsprecher:&nbsp; kommissarisch: Wolfgang v. Strotha &nbsp;<\/p>\n","protected":false},"author":1,"featured_media":0,"parent":0,"menu_order":0,"comment_status":"closed","ping_status":"closed","template":"","meta":{"ngg_post_thumbnail":0,"footnotes":""},"class_list":["post-15","page","type-page","status-publish","hentry"],"_links":{"self":[{"href":"https:\/\/www.adel-in.de\/wordpress\/wp-json\/wp\/v2\/pages\/15"}],"collection":[{"href":"https:\/\/www.adel-in.de\/wordpress\/wp-json\/wp\/v2\/pages"}],"about":[{"href":"https:\/\/www.adel-in.de\/wordpress\/wp-json\/wp\/v2\/types\/page"}],"author":[{"embeddable":true,"href":"https:\/\/www.adel-in.de\/wordpress\/wp-json\/wp\/v2\/users\/1"}],"replies":[{"embeddable":true,"href":"https:\/\/www.adel-in.de\/wordpress\/wp-json\/wp\/v2\/comments?post=15"}],"version-history":[{"count":14,"href":"https:\/\/www.adel-in.de\/wordpress\/wp-json\/wp\/v2\/pages\/15\/revisions"}],"predecessor-version":[{"id":1729,"href":"https:\/\/www.adel-in.de\/wordpress\/wp-json\/wp\/v2\/pages\/15\/revisions\/1729"}],"wp:attachment":[{"href":"https:\/\/www.adel-in.de\/wordpress\/wp-json\/wp\/v2\/media?parent=15"}],"curies":[{"name":"wp","href":"https:\/\/api.w.org\/{rel}","templated":true}]}}

<table class="wp-block-table">
<tbody>
<tr>
<td>&nbsp;Vorsitzender:&nbsp;</td>
<td>Wolfgang v.Strotha<br>Unter dem Holzweg 8<br>32457 Porta Westfalica<br>Tel. 0571-72238</td>
</tr>
<tr>
<td>&nbsp;Stellv. Vorsitzende:</td>
<td>Freifrau Marikka v. Berlepsch<br>Heidestr. 15<br>49453 Dickel<br>Tel. 05445-9866333</td>
</tr>
<tr>
<td>&nbsp;Geschäftsführer und Schatzmeister: &nbsp;</td>
<td>Johannes v. Wallhoffen<br>Röthekamp 3<br>31675&nbsp; Bückeburg<br>Tel. 05722-26165</td>
</tr>
<tr>
<td>&nbsp;Jugendsprecher:&nbsp;</td>
<td>kommissarisch: Wolfgang v. Strotha</td>
</tr>
</tbody>
</table>

<p>&nbsp;</p>

<p>&nbsp;Vorsitzender:&nbsp; Wolfgang v.StrothaUnter dem Holzweg 832457 Porta WestfalicaTel. 0571-72238 &nbsp;Stellv. Vorsitzende: Freifrau Marikka v. BerlepschHeidestr. 1549453 DickelTel. 05445-9866333 &nbsp;Geschäftsführer und Schatzmeister: &nbsp; Johannes v. WallhoffenRöthekamp 331675&nbsp; BückeburgTel. 05722-26165 &nbsp;Jugendsprecher:&nbsp; kommissarisch: Wolfgang v. Strotha &nbsp;</p>
